te x(4).
8
Let u(i) = -2*i**3 - 109*i**2 + 288*i + 140. What is u(-57)?
-31
Let l(s) = 18*s**2 - 32*s - 243. Give l(-6).
597
Let y(s) = -214*s + 881. What is y(4)?
25
Let n(x) = -x**2 - 6*x + 8. Determine n(-7).
1
Let x(u) = -7*u**2 - 354*u - 540. What is x(-49)?
-1
Let l(x) = -x**2 - 109*x + 54394. Calculate l(185).
4
Let x(o) = 11*o**2 + 277*o - 155. Calculate x(-26).
79
Let h(i) = -95*i - 1995. What is h(-21)?
0
Let k(v) = 13*v**2 - 4*v - 10. What is k(-2)?
50
Let b(k) = -4*k**2 + 16*k + 203. Determine b(-9).
-265
Let j(z) = z**3 - 14*z**2 + 34*z + 125. Calculate j(-2).
-7
Let b(h) = -h**3 - 37*h**2 - 2*h - 1493. Determine b(-38).
27
Let r(b) = b**3 + 23*b**2 + 24*b + 88. Determine r(-22).
44
Let k(i) = -14*i - 22. Give k(6).
-106
Let z(g) = -4*g**2 - 22*g - 11. What is z(-5)?
-1
Let v(p) = -1026*p - 11253. Determine v(-11).
33
Let g(j) = -j**3 + 13*j**2 + 28*j + 11. Determine g(15).
-19
Let t(k) = -4*k**3 + 57*k**2 + 41*k + 61. Give t(15).
1
Let w(v) = 52*v + 2595. Determine w(-50).
-5
Let m(l) = -l**3 + 41*l**2 + 130*l - 1892. Give m(43).
0
Let j(i) = i**3 + 50*i**2 + 9*i + 549. Give j(-50).
99
Let g(m) = -38*m - 5742. Calculate g(-152).
34
Let z(i) = i**3 - 14*i**2 + 35*i - 16. What is z(5)?
-66
Let w(k) = 6*k - 417. Calculate w(0).
-417
Let l(a) = -27*a**2 - 267*a + 24. Determine l(-10).
-6
Let n(j) = 90*j - 6926. Calculate n(77).
4
Let o(c) = 751*c - 663. Calculate o(1).
88
Let x(v) = 19*v**2 + 207*v - 1. Determine x(-13).
519
Let v(f) = -f**3 - 93*f**2 + 4*f + 374. What is v(-93)?
2
Let c(h) = 2*h**2 + 131*h + 735. Calculate c(-6).
21
Let m(z) = 1109*z - 974. Determine m(1).
135
Let h(a) = -a**3 - 100*a**2 + 97*a - 390. Calculate h(-101).
14
Let c(p) = -3*p**2 - 92*p - 135. Calculate c(-30).
-75
Let n(h) = -h**3 - 2*h**2 - 72*h + 5. Calculate n(0).
5
Let h(w) = -89*w - 18. What is h(1)?
-107
Let s(a) = 3*a**2 + 145*a + 193. Determine s(-47).
5
Let d(z) = 53*z + 191. Give d(-5).
-74
Let l(s) = s**2 + 42*s + 45. Give l(-40).
-35
Let w(p) = 414*p + 34783. Calculate w(-84).
7
Let y(z) = z**3 + 12*z**2 - 28*z - 27. Calculate y(-9).
468
Let o(k) = -724*k - 1457. What is o(-2)?
-9
Let t(r) = 1859*r + 7444. Give t(-4).
8
Let r(k) = k**3 + 657*k**2 + 6471*k + 10. Determine r(-10).
0
Let c(s) = -s**3 - 4*s**2 + 30*s + 100. Calculate c(-3).
1
Let g(b) = b**2 + 110*b + 1474. Determine g(-22).
-462
Let y(s) = -78*s**3 - 2*s**2 - 31*s + 32. What is y(1)?
-79
Let q(t) = 18*t - 175. Determine q(22).
221
Let b(t) = -t**2 + 14*t - 55. Calculate b(18).
-127
Let y(z) = -z**3 - 12*z**2 - 53*z - 148. What is y(-7)?
-22
Let s(t) = 16*t - 66. Give s(3).
-18
Let x(q) = q**3 - 1128*q**2 + 3375*q - 8. Determine x(3).
-8
Let r(d) = -2*d**2 - 249*d - 2901. Give r(-13).
-2
Let s(d) = -1111*d + 58877. What is s(53)?
-6
Let b(c) = c**3 - 70*c**2 + 961*c - 443. Calculate b(18).
7
Let z(l) = -53*l - 10932. What is z(-206)?
-14
Let g(s) = 17*s - 260. Determine g(12).
-56
Let l(j) = -j**3 + 82*j**2 + 123*j + 3713. Give l(84).
-67
Let x(z) = z**3 - 80*z**2 + 155*z + 194. What is x(78)?
116
Let q(x) = -x**3 - 59*x**2 - 114*x + 241. Give q(-57).
241
Let w(x) = -x**3 - 11*x**2 + 188*x + 85. Calculate w(-20).
-75
Let w(c) = -18*c - 8. Calculate w(1).
-26
Let y(f) = 4*f**2 - 73*f - 28. Give y(19).
29
Let n(s) = 41*s**2 - 12*s - 13. Determine n(-1).
40
Let m(r) = -r**2 - 20*r - 85. Give m(-16).
-21
Let r(b) = -3*b - 110. Give r(7).
-131
Let d(q) = 3*q**2 + 1202*q + 26061. Give d(-23).
2
Let u(h) = -8*h**2 - 15*h - 163. Calculate u(-8).
-555
Let q(o) = o**3 - 9*o**2 - 8*o + 69. Give q(8).
-59
Let o(f) = 545*f + 1109. Calculate o(-2).
19
Let q(b) = 199*b**2 - 1592*b + 11. What is q(8)?
11
Let f(c) = -7*c**2 - 1084*c + 3252. Give f(3).
-63
Let r(l) = 3*l**3 + 21*l**2 - 24*l - 176. What is r(-7)?
-8
Let o(t) = -36*t**2 - 63*t + 7. Give o(-2).
-11
Let m(h) = -h**2 - 32*h - 100. What is m(-5)?
35
Let p(n) = -5*n + 135. Give p(7).
100
Let y(r) = -53*r**2 + 215*r + 2. Calculate y(4).
14
Let f(n) = -n**2 + 965*n + 5825. Determine f(-6).
-1
Let t(a) = -a**2 + 49*a - 222. What is t(45)?
-42
Let c(k) = 29*k**2 + 464*k + 3. Determine c(-16).
3
Let h(w) = w**3 - 17*w**2 - 151*w + 1419. Determine h(21).
12
Let r(g) = 2*g**2 - 45*g + 484. What is r(0)?
484
Let b(q) = -q**3 - 105*q**2 - 4*q - 468. Calculate b(-105).
-48
Let g(u) = -78*u - 639. Give g(-6).
-171
Let t(b) = 17*b + 471. What is t(-10)?
301
Let o(v) = -v**3 + 24*v**2 + 114*v - 52. Determine o(28).
4
Let f(g) = g**3 - 31*g**2 - 7*g - 831. What is f(32)?
-31
Let r(m) = -2*m**2 + 91*m + 1380. Calculate r(-12).
0
Let i(y) = -4*y**3 + 272*y**2 - 1487*y + 5. Calculate i(6).
11
Let p(q) = q**2 + 233*q + 12862. Give p(-143).
-8
Let x(r) = -545*r + 19071. What is x(35)?
-4
Let v(l) = -13*l**3 + 135*l**2 - 44*l - 28. Determine v(10).
32
Let p(j) = -341*j - 1654. Give p(-5).
51
Let m(x) = -31*x**2 - 32*x - 62. Calculate m(-2).
-122
Let f(c) = -25768*c - 128848. Determine f(-5).
-8
Let t(b) = b**3 + 46*b**2 - 115*b - 904. What is t(-48)?
8
Let a(j) = -2*j**2 - 4143*j + 29087. Determine a(7).
-12
Let n(c) = c**3 + 118*c**2 - 585*c - 157. Determine n(5).
-7
Let n(w) = 191*w**2 + 1153*w + 40. Calculate n(-6).
-2
Let u(z) = -75*z + 1052. Calculate u(14).
2
Let q(m) = 3*m**3 + 56*m**2 + 16*m - 346. Calculate q(-18).
14
Let f(l) = -l**2 - 37*l - 266. What is f(-11)?
20
Let j(n) = 623*n + 201. What is j(-2)?
-1045
Let i(l) = 16*l**2 + 168*l - 311. What is i(-12)?
-23
Let l(n) = 2*n**2 + 19*n - 21. Give l(-14).
105
Let z(n) = 39*n - 4137. Calculate z(106).
-3
Let o(s) = s**3 - 52*s**2 + 319*s - 188. What is o(45)?
-8
Let c(f) = 36*f - 654. What is c(12)?
-222
Let s(x) = -35*x**3 + 2*x**2 + 6*x - 19. What is s(2)?
-279
Let a(y) = -y**3 + 29*y**2 + 96*y - 35. What is a(32)?
-35
Let a(k) = 34*k + 1292. What is a(-38)?
0
Let t(h) = 5*h**2 - 13*h - 189. Determine t(-10).
441
Let w(f) = -f**2 - 95*f - 2148. Determine w(-37).
-2
Let i(p) = 9*p**2 - 8*p - 4. What is i(-5)?
261
Let l(u) = 13905*u - 13901. Give l(1).
4
Let z(t) = -550*t + 7724. Give z(14).
24
Let z(r) = -9*r**3 - 3*r**2 - r - 3. Calculate z(2).
-89
Let w(p) = -4*p**3 + 22*p**2 + 17*p + 9. Determine w(6).
39
Let x(w) = -2*w**3 + 78*w**2 + 8*w - 319. Determine x(39).
-7
Let p(j) = 137*j - 1746. Determine p(12).
-102
Let w(t) = 5*t**2 + 177*t - 135. Give w(-36).
-27
Let m(b) = b**3 - 61*b**2 - 3*b + 158. Give m(61).
-25
Let l(y) = 2*y**3 + 3*y - 328. What is l(0)?
-328
Let p(t) = 2*t**3 - t**2 - 98*t + 10. Give p(7).
-39
Let m(g) = 189*g + 377. Determine m(-2).
-1
Let i(y) = 90*y**2 + 5*y + 5. What is i(-1)?
90
Let c(t) = -t**3 - 5*t**2 + 178*t - 41. Determine c(11).
-19
Let n(q) = q**2 + 201*q - 3710. Calculate n(17).
-4
Let i(t) = -2*t**2 + 55*t - 287. Determine i(28).
-315
Let z(k) = 9*k**2 + 96*k + 127. Calculate z(-9).
-8
Let m(h) = -433*h + 18197. Calculate m(42).
11
Let a(p) = p**3 + 33*p**2 + 26*p - 72. Give a(-32).
120
Let p(y) = -314*y**2 + 1881*y + 17. What is p(6)?
-1
Let w(n) = -35*n + 200. What is w(8)?
-80
Let o(l) = -5*l**2 + 21*l + 97. Determine o(-4).
-67
Let s(v) = 63*v + 1199. What is s(-19)?
2
Let d(c) = 34*c - 430. Calculate d(-16).
-974
Let h(m) = -4*m**3 - 2*m**2 - 153*m + 154. Calculate h(1).
-5
Let l(w) = 1248*w - 3743. Determine l(3).
1
Let w(v) = -2779*v + 2756. Give w(1).
-23
Let k(g) = 4*g**3 - 8*g**2 - g + 13. What is k(-2)?
-49
Let u(j) = -j**3 - 5*j**2 + j - 8. Determine u(-5).
-13
Let s(j) = 2*j**3 - 26*j**2 - 5*j + 42. Calculate s(13).
-23
Let a(n) = 4*n**3 - 2*n**2 + 8*n - 7. Give a(1).
3
Let i(q) = -42*q**2 - 586*q + 7. Determine i(-14).
-21
Let u(s) = -840*s - 7555. Determine u(-9).
5
Let s(n) = -n**3 + 10*n**2 - 2*n - 23. Determine s(7).
110
Let s(j) = 44*j**2 - 367*j + 15. Determine s(8).
-105
Let t(a) = -2*a**3 - 6*a**2 - 7*a - 29. What is t(-3)?
-8
Let q(x) = -293*x - 3805. Give q(-13).
4
Let w(c) = 5*c**2 + 14*c - 1028. Calculate w(13).
-1
Let l(h) = h**3 - 23*h**2 - 4*h - 526. Give l(24).
-46
Let a(j) = -186*j - 75. Give a(-2).
297
Let z(d) = -d**3 + 12*d**2 - 11*d - 34. Determine z(12).
-166
Let g(x) = -2*x**3 - 20*x**2 + 17*x - 61. What is g(-11)?
-6
Let b(v) = -8*v**2 - v - 2. What is b(-1)?
-9
Let v(m) = 922*m + 7422. Calculate v(-8).
46
Let o(w) = w**2 + 24*w - 158. Give o(10).
182
Let y(g) = 179*g - 331. Determine y(0).
-331
Let k(m) = 3*m**2 